, -5*s + h = -33839. Is s a prime number?
False
Let q = 139 - 132. Let v(u) = 135*u - 24. Is v(q) prime?
False
Let g = -8 - -11. Suppose 19*r - 32 = 44. Suppose -3*v - 4*b - 83 = -r*v, -g*v + 234 = 3*b. Is v composite?
False
Let r(o) = 23*o - 15. Is r(28) composite?
True
Is (-63642)/(-22) + 7*6/231 a composite number?
True
Let m be -13 + 7 + (-1)/(1/(-2)). Is 2/m - 16835/(-26) composite?
False
Suppose -3*g + 27 = -0*g. Suppose 6*h + 60 = 16*h. Is 261/h*30/g prime?
False
Let f(l) = 7*l**2 - 5*l + 10. Let r(w) = w + 3. Let y be r(5). Let c be f(y). Suppose -4*h + h + 2*b = -607, -2*h = 2*b - c. Is h prime?
False
Let p = 9468 + -5501. Is p prime?
True
Let u = 14 - 34. Is 1964*(95/u - -5) prime?
True
Let s be 1/(-5) - (-748)/(-10). Let m be s/(-10)*(-4)/5. Is (0 - 307)*(m + 5) prime?
True
Let j(r) = 2*r**3 + 2*r - 2 + 0*r**3 - 2*r**3 + 3*r**3. Let t be j(2). Suppose -5*p = t - 121. Is p composite?
False
Let b(v) = 25*v + 3777. Is b(0) a composite number?
True
Let i(k) = 5*k**2 - 6*k - 4*k**3 - 2 + k + k - k. Let p be i(4). Let h = 389 + p. Is h a composite number?
False
Suppose -105*o + 107*o + 1946 = 0. Let b = 70 - o. Is b composite?
True
Suppose -4*w + 4*l + 21896 = 0, l + 10945 = 31*w - 29*w. Is w a prime number?
True
Suppose 1 - 31 = 5*h. Let w = 73 + h. Suppose -n = -w - 0. Is n a prime number?
True
Let i = -419 - -842. Suppose -5*k - 3*p + 0 = -3, 5*k + 2*p - 7 = 0. Suppose -6*r + i = -k*r. Is r a composite number?
True
Suppose 0 = -31*l - 8*l + 289029. Is l prime?
True
Let v(j) = 13*j**3 - 2*j**2 + 8*j - 30. Let h be v(11). Suppose 2*p = 19*p - h. Is p a prime number?
False
Suppose 5*o + x - 28142 = 0, 0 = -11*o + 6*o + 4*x + 28157. Is o a prime number?
False
Suppose -5*w + 213104 = 11*w. Is w prime?
False
Suppose -78*g - 67353 = -117*g. Is g a composite number?
True
Let w(t) = t + 13. Let l be w(-7). Suppose u = -0*u + l. Suppose -2*q = -u*q + 948. Is q composite?
True
Suppose 7 = 5*t - 8. Let c(g) = -12*g**3 + g**2 - g - 3. Let d be c(-6). Suppose 0*p - t*p + d = 0. Is p composite?
False
Suppose -5*y = 5*k - 76 - 39, 0 = 2*k - 2*y - 42. Suppose 2*j - k - 360 = 0. Is j a composite number?
False
Let o(u) = 3*u**2 - 4*u + 2579. Is o(0) prime?
True
Suppose -2 = 3*s - 14. Suppose -5*n = 5*t + 5, -t + s = -2*t. Suppose 0 = -3*l - 4*z + 33, -n*z + 2 - 11 = 0. Is l a composite number?
True
Let y = -389 - -699. Let j = -152 + y. Is j a prime number?
False
Let p = 5 + -3. Suppose p*m + 5 = -15. Is 12/m*825/(-30) a composite number?
True
Let g(m) = 5*m - 6. Let x be g(4). Let i(f) = 102*f - 29. Is i(x) prime?
True
Suppose -3*f + 22 = f + 5*y, -46 = -5*f + 3*y. Let q = 18 - f. Is q a prime number?
False
Let l = 26 + -24. Suppose -w + 1913 = 2*y, 2*y = 3*y - l*w - 969. Let p = 1402 - y. Is p a prime number?
True
Let t(r) = -46*r - 4. Let l be t(-6). Suppose 0 = 2*z - 7814 + l. Is 2/((-3)/z*-6) a composite number?
False
Is (-17 - -4)/(21/(-60459)) prime?
False
Suppose -2*j - 3*q = -q - 1362, -2*q + 2734 = 4*j. Let f = j + -275. Is f a prime number?
False
Let i(x) = -612*x + 77. Is i(-5) prime?
True
Let n = -6 + 12. Let q be ((-33)/22)/(n/128). Let v = 281 + q. Is v a prime number?
False
Let q be (15/6 + -2)*16. Suppose q = -4*c - 4. Is ((-1)/c)/((-1)/(-381)) a prime number?
True
Suppose 7 = n - c - 4*c, -4 = -4*n - 4*c. Suppose -d + n*d = 0. Suppose 2*h + h - 1905 = d. Is h composite?
True
Let p(r) = -31*r - 6. Let o(u) = -u**2 + 4*u + 10. Let t be o(7). Is p(t) a composite number?
True
Let s(i) = -i - 2. Let l be s(-2). Let r be (14/6 - -1)*(-4005)/(-25). Suppose -2*z + l*c + r = -4*c, -3*z + 801 = -2*c. Is z prime?
False
Suppose 0 = 1359*j - 1365*j + 1093782. Is j a composite number?
False
Suppose -2*s - 3*i + 69556 = 0, 41260 = s + 5*i + 6489. Is s prime?
True
Suppose 4*v + 15134 = 2*j, 2*j - 23764 = -2*v - 8654. Is j a prime number?
True
Let z be (-2488)/6*((-12)/8 + 0). Let g = 1615 - z. Is g prime?
False
Let g(y) = -y**2 + 11*y + 41. Let s be g(13). Suppose -4892 = -s*j + 133. Is j prime?
False
Suppose 3*m + 96 = 396. Let q = m - -77. Is q a composite number?
True
Let a(v) = 3059*v - 12. Is a(1) prime?
False
Suppose -5*n = -4*n - 34935. Suppose n = 5*j - 28020. Is j/99 - 4/22 prime?
True
Suppose -5*f + 7756 = -4*l - 104855, f = 5*l + 22539. Is f composite?
True
Suppose 0*k = 6*k + 12. Let q = k + 24. Is q composite?
True
Let p = -2191 - -3180. Is p prime?
False
Let z be (0*(-2)/(-8))/(-2). Suppose z = -2*r - 19 + 27. Suppose -3*c + g + 493 = 0, -r*c - g = 2*g - 640. Is c composite?
False
Suppose -4*l = -4*j - 147236, 54133 + 129912 = 5*l + j. Is l prime?
True
Suppose 5*c - 71 = -2*r, -28 - 72 = -4*r + 4*c. Suppose -2*q - 2*h + r = -q, -3*q - 5*h = -88. Suppose -5*t - 5 = 0, 0*l - 5*t = -l + q. Is l a prime number?
True
Let h be 4 - (-9)/(-6)*-6. Let a(s) = 18*s - h*s + 15*s + 42*s - 9. Is a(4) composite?
False
Let x(t) = 206*t - 18. Let g(k) = -205*k + 18. Let u(l) = -2*g(l) - 3*x(l). Let r be u(-6). Is 6/12*r/3 a prime number?
True
Suppose 9 = 5*j - 1. Suppose 0 = -4*w + 13 - 1. Suppose w*y - 242 - 245 = -5*s, 4*s + j*y - 388 = 0. Is s prime?
False
Suppose -2*f - 3 = 3*w, -5*w = -0*f + 4*f + 3. Let b = 31 + f. Is b a prime number?
False
Let r(p) = 2218*p**2 + p. Suppose 0 = -z + 3*z - 2. Is r(z) a composite number?
True
Let m be (1/3)/((-11)/297). Let u(n) = 3*n**2 - 17*n + 11. Is u(m) prime?
False
Let s(z) = -z**3 + 11*z**2 + 10*z - 10. Let b be s(11). Suppose -7 = 5*j - 32, b = 5*y + 2*j. Is (27/y)/(3/178) prime?
True
Let f = 19 - 15. Suppose 237 = -f*g + 7*g. Is g a composite number?
False
Let x be 76 - 3*20/15. Let k = -5 + x. Is k a composite number?
False
Let z(g) = g**3 + 5*g**2 + 2*g - 7. Let m be z(-3). Suppose 3*b = -m*b + 7984. Is b a composite number?
True
Suppose 2*k = 3*u + 3414 - 470, 0 = 4*k - 2*u - 5896. Suppose -3*y + k = -b - 623, -2794 = -4*y + 2*b. Is y a prime number?
True
Let c(s) = -s**3 + s**2 - 3*s - 4. Suppose 0 = 4*i - 3*i - 3. Let a be c(i). Is 1/2*a*-10 prime?
False
Let v = -482 - -942. Let i(x) = -x**2 + 7*x - 10. Let p be i(5). Suppose -v = -4*o - p*o. Is o a composite number?
True
Suppose -y - a = -664, 2*a = 7*a - 20. Suppose y = z - 439. Is z a composite number?
True
Let p(z) = -8*z**3 - 4*z**2 + 13*z + 19. Is p(-14) prime?
False
Let z be 153 - (7 - 6*(-1)/(-2)). Suppose 5*m = 6*m - z. Is m composite?
False
Let f(s) = -21*s + 14. Let a be f(-9). Let x = 118 + a. Is x a composite number?
True
Let r = -3 + 3. Suppose -v + 6 + 91 = r. Is v a composite number?
False
Let c be 2 - (2 - 3/1). Suppose 55 = c*o + 5*n, 2*o - 12 = 2*n + 14. Suppose -a + 0*a = -o. Is a a composite number?
True
Suppose 0 = -6*q + 1332 + 696. Let f = 679 - q. Is f prime?
False
Let n = -23 - -25. Suppose -n*m + 2*c = -398, -2*m + 3*c + 160 + 234 = 0. Is m a composite number?
True
Let k(w) = 624*w**2 + 2*w + 3. Is k(-4) prime?
False
Suppose 3*g - 84 = -0*g. Let j = g + -26. Suppose -4*v - 3*n + 1227 = 0, j*v = n - 0*n + 601. Is v composite?
True
Let u(l) = l + 8. Let m be u(0). Suppose 205 = 9*q - m*q. Is q composite?
True
Let k(l) = 3*l**3 + l**2 + l + 12. Let r be k(6). Let z = -331 + r. Is z prime?
False
Let c(j) = -j**3 + 2*j**2 - 1. Let y be c(-1). Let o(s) = -85*s**2 + 3*s - 1. Let n be o(y). Let a = 494 + n. Is a prime?
False
Suppose 2*f - 5*i = -113, 4*i + 29 - 139 = 2*f. Let l = f + 81. Suppose 3*r + z - 5*z = 23, -l = -4*r + 5*z. Is r composite?
False
Suppose -3692 = 4*y - 672. Let f = y - -1126. Is f composite?
True
Let s(p) be the first derivative of 2*p**3 + p**2/2 - 2*p - 12. Is s(-3) a prime number?
False
Let d(o) = 8*o**2 - 5*o - 19. Let k be d(9). Suppose -3*l + 411 = -0*t + 3*t, -4*l + k = -5*t. Is l a composite number?
True
Let q = 8 - 17. Let o = q - -130. Is o prime?
False
Let b(g) = g**3 - 11*g**2 - 25*g - 13. Let m be b(13). Let y(u) = 6*u + 10073. Is y(m) a prime number?
False
Suppose 2*w - 15102 = -2*k, 37763 = 6*k - k + 3*w. Suppose -k = -2*f - 3*f. Is f prime?
True
Suppose 35891 + 32730 = 3*y + n, 4*y = 4*n + 91484. Is y a prime number?
False
Let j be (-12)/8*4/(-3)*1. Is (1079/2 + -1)*1*j a composite number?
True
Let o = 21 - 29. Let f = o - -10. Suppose -w = -f*d - 295, -3*d + 1167 = 4*w + 2*d. Is w a prime number?
True
Let w(a) = -a - 1. Let y be w(-3). Suppose 350 = y*j - 248. Is j a composite number?
True
